divided by 10?
6
Calculate the remainder when 324 is divided by 50.
24
What is the remainder when 146 is divided by 37?
35
Calculate the remainder when 28 is divided by 21.
7
What is the remainder when 223 is divided by 14?
13
What is the remainder when 1030 is divided by 20?
10
What is the remainder when 1488 is divided by 47?
31
Calculate the remainder when 82 is divided by 19.
6
What is the remainder when 41 is divided by 23?
18
Calculate the remainder when 63 is divided by 8.
7
Calculate the remainder when 53 is divided by 32.
21
What is the remainder when 466 is divided by 47?
43
Calculate the remainder when 119 is divided by 21.
14
What is the remainder when 33 is divided by 4?
1
Calculate the remainder when 492 is divided by 15.
12
What is the remainder when 45 is divided by 17?
11
What is the remainder when 7688 is divided by 10?
8
Calculate the remainder when 337 is divided by 18.
13
Calculate the remainder when 311 is divided by 288.
23
Calculate the remainder when 993 is divided by 884.
109
Calculate the remainder when 11447 is divided by 409.
404
What is the remainder when 70 is divided by 36?
34
Calculate the remainder when 110 is divided by 40.
30
Calculate the remainder when 5716 is divided by 133.
130
What is the remainder when 1317 is divided by 26?
17
What is the remainder when 691 is divided by 137?
6
Calculate the remainder when 2362 is divided by 182.
178
Calculate the remainder when 219 is divided by 65.
24
Calculate the remainder when 2517 is divided by 8.
5
What is the remainder when 327 is divided by 56?
47
What is the remainder when 396 is divided by 134?
128
Calculate the remainder when 341 is divided by 57.
56
What is the remainder when 320 is divided by 61?
15
Calculate the remainder when 462 is divided by 58.
56
Calculate the remainder when 1110 is divided by 549.
12
Calculate the remainder when 487 is divided by 10.
7
What is the remainder when 119 is divided by 61?
58
Calculate the remainder when 16 is divided by 9.
7
Calculate the remainder when 1212 is divided by 174.
168
Calculate the remainder when 544 is divided by 13.
11
Calculate the remainder when 635 is divided by 68.
23
Calculate the remainder when 614 is divided by 28.
26
What is the remainder when 1554 is divided by 238?
126
What is the remainder when 244 is divided by 42?
34
What is the remainder when 56 is divided by 21?
14
Calculate the remainder when 398 is divided by 23.
7
Calculate the remainder when 4159 is divided by 5.
4
Calculate the remainder when 660 is divided by 113.
95
Calculate the remainder when 6631 is divided by 84.
79
Calculate the remainder when 556 is divided by 11.
6
Calculate the remainder when 548 is divided by 130.
28
Calculate the remainder when 1258 is divided by 27.
16
Calculate the remainder when 1912 is divided by 11.
9
Calculate the remainder when 12757 is divided by 88.
85
What is the remainder when 1755 is divided by 26?
13
Calculate the remainder when 2205 is divided by 729.
18
Calculate the remainder when 12402 is divided by 28.
26
What is the remainder when 377 is divided by 126?
125
Calculate the remainder when 437 is divided by 63.
59
What is the remainder when 270 is divided by 91?
88
Calculate the remainder when 45 is divided by 6.
3
Calculate the remainder when 388 is divided by 28.
24
Calculate the remainder when 28 is divided by 25.
3
Calculate the remainder when 177 is divided by 38.
25
Calculate the remainder when 393 is divided by 116.
45
Calculate the remainder when 87 is divided by 11.
10
Calculate the remainder when 5819 is divided by 41.
38
What is the remainder when 67 is divided by 1?
0
Calculate the remainder when 188 is divided by 63.
62
What is the remainder when 1176 is divided by 294?
0
What is the remainder when 74 is divided by 21?
11
What is the remainder when 316 is divided by 91?
43
What is the remainder when 107 is divided by 14?
9
Calculate the remainder when 1007 is divided by 14.
13
Calculate the remainder when 301 is divided by 1.
0
What is the remainder when 1247 is divided by 156?
155
What is the remainder when 1646 is divided by 288?
206
What is the remainder when 787 is divided by 130?
7
Calculate the remainder when 4369 is divided by 543.
25
Calculate the remainder when 91 is divided by 67.
24
What is the remainder when 58 is divided by 12?
10
What is the remainder when 63 is divided by 35?
28
What is the remainder when 497 is divided by 29?
4
Calculate the remainder when 19147 is divided by 10.
7
Calculate the remainder when 376 is divided by 369.
7
What is the remainder when 4236 is divided by 53?
49
Calculate the remainder when 473 is divided by 79.
78
Calculate the remainder when 1283 is divided by 330.
293
Calculate the remainder when 3524 is divided by 14.
10
Calculate the remainder when 3416 is divided by 90.
86
What is the remainder when 583 is divided by 9?
7
What is the remainder when 3942 is divided by 136?
134
Calculate the remainder when 715 is divided by 30.
25
Calculate the remainder when 3562 is divided by 41.
36
Calculate the remainder when 6075 is divided by 124.
123
What is the remainder when 1589 is divided by 490?
119
Calculate the remainder when 3185 is divided by 57.
50
Calculate the remainder when 123 is divided by 59.
5
What is the remainder when 9 is divided by 4?
1
Calculate the remainder when 3 is divided by 3.
0
Calculate the remainder when 7977 is divided by 79.
77
What is the remainder when 167 is divided by 89?
78
What is the remainder when 1120 is divided by 22?
20
Calculate the remainder when 111 is divided by 20.
11
Calculate the remainder when 407 is divided by 58.
1
Calculate the remainder when 594 is divided by 120.
114
Calculate the remainder when 96 is divided by 47.
2
Calculate the remainder when 509 is divided by 19.
15
Calculate the remainder when 64 is divided by 46.
18
What is the remainder when 402 is divided by 51?
45
Calculate the remainder when 45 is divided by 14.
3
What is the remainder when 1296 is divided by 51?
21
What is the remainder when 735 is divided by 106?
99
Calculate the remainder when 231 is divided by 83.
65
What is the remainder when 293 is divided by 43?
35
Calculate the remainder when 210 is divided by 18.
12
What is the remainder when 294 is divided by 47?
12
What is the remainder when 276 is divided by 4?
0
Calculate the remainder when 22269 is divided by 87.
84
What is the remainder when 751 is divided by 63?
58
What is the remainder when 12993 is divided by 76?
73
What is the remainder when 799 is divided by 272?
255
Calculate the remainder when 37 is divided by 17.
3
Calculate the remainder when 1980 is divided by 82.
12
Calculate the remainder when 2143 is divided by 55.
53
Calculate the remainder when 11582 is divided by 351.
350
Calculate the remainder when 66 is divided by 36.
30
What is the remainder when 1351 is divided by 273?
259
Calculate the remainder when 360 is divided by 162.
36
Calculate the remainder when 42 is divided by 9.
6
What is the remainder when 203 is divided by 52?
47
Calculate the remainder when 269 is divided by 16.
13
Calculate the remainder when 706 is divided by 118.
116
Calculate the remainder when 342 is divided by 91.
69
What is the remainder when 2613 is divided by 98?
65
Calculate the remainder when 54 is divided by 20.
14
Calculate the remainder when 217 is divided by 32.
25
What is the remainder when 1950 is divided by 85?
80
What is the remainder when 39 is divided by 14?
11
Calculate the remainder when 398 is divided by 167.
64
Calculate the remainder when 67 is divided by 27.
13
Calculate the remainder when 316 is divided by 74.
20
What is the remainder when 134 is divided by 16?
6
Calculate the remainder when 226 is divided by 7.
2
What is the remainder when 1518 is divided by 16?
14
What is the remainder when 1550 is divided by 769?
12
What is the remainder when 2694 is divided by 12?
6
Calculate the remainder when 390 is divided by 9.
3
Calculate the remainder when 420 is divided by 83.
5
What is the remainder when 1654 is divided by 21?
16
What is the remainder when 673 is divided by 63?
43
What is the remainder when 1778 is divided by 137?
134
What is the remainder when 50 is divided by 4?
2
Calculate the remainder when 3295 is divided by 103.
102
Calculate 